late -7 - -15 - (-7 - (-27 + (6 - -1) + -9)).
-14
What is the value of (9 - 8) + -4 + (6 - 7) + (-11 - 48)?
-63
What is the value of -12 + (1 + -9 + 6 - (-5 + -37))?
28
Calculate -68 - 14 - (-85 + 54).
-51
What is the value of 14 + 0 + (-411 + 343 - (2 + 0))?
-56
What is the value of -15 + 32 + (-47 - -86)?
56
What is the value of 7 - (65 + -62 - (3 + -1)) - 43?
-37
What is 8 - -4 - ((-11 - (10 - 30)) + -13)?
16
What is the value of -14 + (1053 - 1047) + (-36 - (-5 + 1))?
-40
(3 + 0 - 5) + 7 - (-437 - -431)
11
7 + -44 + 99 + -39
23
Calculate 1887 - 1844 - (-90 - (-4 + 1)).
130
What is 37 - (27 + (191 + -45 - 2))?
-134
(965 - 982) + (-1 - 0) + -64
-82
-19 + -1 + -1 + (-286 - -487 - 150)
30
-73 + -4 - (-13 + (5 - 21))
-48
What is the value of -25 - (-4 + 14 + -18 + -54)?
37
What is the value of 122 + 50 + -127 + -34?
11
Calculate -3 + -4 + (1524 - 1458) + -2 + 1 + -2.
56
Evaluate 121 - (8 + -1 - ((55 - 1) + -590 + 541)).
119
Evaluate -26 + -42 + 16 + 23 + 0 + -1.
-30
What is the value of 5 + -27 + 11 + 10 - (-16 - 26)?
41
What is -170 - -183 - (15 - 62)?
60
Calculate -226 + 187 + (-12 - 0) - -1.
-50
6 + -1 - (-102 + 217 + (1 - 13))
-98
What is the value of -4 - ((-7 - (3 + -11)) + -37) - 1?
31
Evaluate 11 + -37 + 69 + -37.
6
What is the value of (7 - -14 - 59) + 0 - (4 - 1)?
-41
Calculate 21 + 28 + -28 + -23.
-2
Evaluate 16 - ((21 - (23 + -32)) + (-1 - 4)).
-9
What is the value of -7 - (15 + -6 + 2 + 4 + -13)?
-9
0 + 17 + (-174 - -173) - (-1 + 24)
-7
Evaluate 2 + -5 + -12 + (-13 - (0 + -14)).
-14
-51 + 150 + (0 + -2 - (-80 + 87))
90
Calculate (3 + -3 - (70 - (55 - 4))) + -90.
-109
What is the value of 10 - (-82 - -89 - (1 + -12))?
-8
(52 - (-74 - -212)) + 133
47
What is (7 - (13 + -8)) + -19 + 142 + -23?
102
-996 + 944 + (-3 - (-5 - 3))
-47
28 + 18 + (-1 - (-39 - 18))
102
What is (-97 - (-64 + -9 - -28)) + 17?
-35
What is 80 + (30 - 52) + (-10 + 3 - 5)?
46
What is (-4 - -2 - (-1535 - -1556)) + -84 + 0?
-107
Evaluate 23 + (-4 + (-1 - 5) - -1).
14
What is the value of -15 + (-23 - (-14 + 6 - 16))?
-14
Calculate (2 - 3) + 299 + -302 + 15.
11
-6 + -1 - (15 + 13 + 22 - 3)
-54
What is -2 - (-28 + (6 - -16) + 58)?
-54
What is the value of -60 + 7 + 556 + -514?
-11
What is the value of 29 + -14 + 18 + -56?
-23
Evaluate (278 - 306) + (4 - (6 + 2)).
-32
Evaluate 21 + -5 + 8 + (-119 - -111 - (-2 - -3)).
15
What is the value of 2 + 38 - (3793 + -3743)?
-10
-10 + 11 + (9 - (21 - 1)) + -2
-12
What is the value of -34 - (35 + 33 - 104)?
2
Evaluate -69 - (-3 - (-8 - 22 - -21)).
-75
Calculate (2 + 3 + -46 - -5) + (46 - (55 - -5)).
-50
(-13 - -5) + (-9 - 1) + (-1 - -44)
25
-55 - (-69 + 34) - -36
16
What is the value of -5 + 9 - -89 - (439 - 427)?
81
Calculate -47 - 78 - (6 + (-20 - 32)).
-79
What is the value of -32 - (-63 - -26) - (0 - -5 - 59)?
59
What is the value of (-3 - 1 - (-17 - -7)) + (6 - (46 + -7))?
-27
Calculate -146 + (12 - -23) - (-3 - 10).
-98
What is the value of 34 + (-45 + 5 - 21)?
-27
-79 + -26 + 240 + -158
-23
Calculate ((3 - (14 - 6)) + (3 - -2) - -2) + 49.
51
Evaluate (340 - 347 - (0 - 0)) + 32.
25
What is 21 + 2 + -116 - (-9 + 15 + 8 + -6)?
-101
Evaluate (22 - (100 - 92)) + (-4 - -32).
42
What is the value of 78 + -35 + -46 + 9?
6
What is (-10 - 3) + 3 - -18 - (-6 + 1 + 8)?
5
(40 - -3) + -32 - (-3 + -61)
75
What is the value of 16 + (-7 - 13) - 3 - -55?
48
What is 0 + (-1 - -10) + 2 - (-8109 - -8061)?
59
What is the value of -77 + 108 + 15 + (-17 - -9)?
38
What is the value of -2 + 1 + 2 - (30 + 1 + -18 - -14)?
-26
18 + -8 + (17 - -2 - (1 + -2 + 13))
17
Calculate -8 - (-6 + (-6 - (2 - 5)) - (211 + -205)).
7
What is the value of -11 + 0 + (-15 - (-30 + (-5 - 7))) - -5?
21
Evaluate (19 + 56 - 34) + 10 + 10.
61
Evaluate (-34 + 28 - (4 + (-2 - (-5 + 7)))) + 56.
50
Evaluate -28 + -3 + -2 + (36 - 10) + -33.
-40
What is the value of 21 - (65 - (-7 - 4 - -27))?
-28
What is the value of 3231 + -3206 + -4 + 2?
23
What is -2 + -4 + -3 + (-5 - -19 - (-2 + -57))?
64
-6 + (9 - -17 - (33 + -23))
10
What is the value of (7 - (-22 - 3) - 2) + (-24 - -10)?
16
-56 - (27 - 21 - 43)
-19
Evaluate -90 + 79 + (75 - 10).
54
What is -36 + (52 + -17 - (-6 + 14))?
-9
What is the value of 108 + -119 + -3 + 0 - 1?
-15
Evaluate -26 + -4 - (-17 + 3 + -1).
-15
101 + -130 + 81 - (-1 + 17 + -3)
39
Calculate 15 + (9 + -17 - 17) + 79 + 1 + -2.
68
Calculate (2520 - 2426) + (-10 - (5 - 3)).
82
What is the value of 5 + 36 + (32 - 114)?
-41
-8 + 132 - (66 - 25)
83
What is the value of (-1 + 1 + -54 - 0) + -20702 + 20700?
-56
What is the value of (-33 - (13 - 52)) + (1 - 70)?
-63
-96 - (-102 - (-128 + 44))
-78
(-60 - -52) + (-1 + 10 - -6)
7
-66 + (-133 + 90 - -105)
-4
What is (-1 - -10) + (-5245 - -5212)?
-24
What is the value of -6 + -57 - (252 - 304)?
-11
-121 + 161 + 1 + -4 + 4
41
Calculate -24 + (-1 + -7 - -16) + 9 + -73.
-80
Calculate 116 + -163 + 102 - -61.
116
(1 - 56) + (25 - 26) + (11 - 17)
-62
What is the value of (-112 - (-216 + 89)) + (4 - -2 - (-1 + 0))?
22
Evaluate (-6 - -25) + (121 - 120).
20
Calculate 96 + -14 + 15 + -16 + (-1 - 5).
75
What is the value of (1 - -7) + 166 + 235 + -432?
-23
What is 33 + -13 + 8 + -5 + -182 + 205?
46
Calculate (4 - 28) + 7 - (35 - (120 + -10)).
58
Evaluate (-829 - -823) + (1 - 16) + 46.
25
Evaluate -54 - (103 - (101 - 14)).
-70
43 + -7 + ((10 - 0) + -14 - -8) - -4
44
Calculate 48 + -6 - (5 - (-10 - -57)).
84
Evaluate (-22 - 18) + 65 + -63 + -65.
-103
Calculate -64 - (5 - -3 - (-17 + 47)).
-42
What is (15 - 38 - -1) + (8 - -3) - 42?
-53
What is the value of 3 + -4 + -9 - (-76 - (73 + -125))?
14
What is the value of 50 + -76 + 31 - 15?
-10
110 + (39 - (-4 + 23)) + -12
118
What is the value of -14 - (21 + -17 + 12) - -22?
-8
Calculate 6 + -15 + 32 + -28 + 8 + 11.
14
What is the value of 51 + (-114 - (-35 + -31))?
3
11 + 1 + 12 + -45 - 4 - 11
-36
Calculate -228 + 249 + -6 + 2 + -3.
14
What is the value of 5 + ((-2 - -4) + 2 - -4) + -5?
8
What is -124 - -90 - (-7 - 59)?
32
Evaluate 8 + (3 - -32) - 7.
36
Calculate -21 + -1 + 23 + 11 + 2 + 28.
42
What is the value of 11 - -25 - (7 - (-1 - (-2 + (3 - 11))))?
38
Calculate 11 + (4 - 4) - (84 + -105).
32
What is (3 - 2 - (-3 - -8)) + 8 + -4 + 32?
32
What is -123 + 186 - (106 + 1)?
-44
Calculate 1 + 17 - (31 - 2).
-11
What is the value of (-3 - -23) + (-5 - 6) + 1 - 3?
7
Calculate -18 - (11 + 15 + -74).
30
What is the value of (2 - 0) + (-7 - -3 - 9) + (465 - 510)?
-56
Calculate 36 + 20 + 47 + -43.
60
What is 27 + 0 + (95 - 90) + (-8 - 0)?
24
What is -33 + -72 + 37 + 79 + -33 + -1?
-23
What is the value of (-16 + 15 - (-1 + 31)) + (-412 - -427)?
-16
What is the value of (-11 + 35 + 9 - (-28 - -20)) + 2?
43
Evaluate (-4 - (-4 + -4)) + 8 + -2 - (-48 - -65).
-7
What is (7 - 15) + 6 + 2 + 4 + (45 - 1)?
48
(1 - -16 - (2 + -2 + -2)) + 6255 + -6254
20
What is (60 - 4) + -4 + (3 + 4 - (15 - 14))?
58
(0 - 3) + (4 - 18 - -11) + -3 + 10
1
What is the value of -216 + 200 + 99 + (-4 - 3)?
76
Evaluate -33 - (58 - (29 + -93 + 35)).
-120
What is the value of 5 - (-12 + (-3 - 10 - 4) + -5 + 13)?
26
Evaluate -84 - (-96 + -48 + 38).
22
Evaluate -7 + -1 - (-372 - -364) - (75 + 4 + -7).
-72
Evaluate -99 - -146 - 126 - -5.
-74
What is -7 + (13 - ((4 - 9) + 66)) + -15?
-70
Calculate -62 - (29 + (-80 - -29)).
-40
Calculate -189 + 205 - (-5 - (0 - -5)).
26
-14 + -7 + 36 - (-16 - -3) - 15 - 86
-73
What is the value of -6 + -5 + (-59 + 128 - (-1 - 15)) + -18?
56
What is the value of 36 + (-63 - 32) + -15?
-74
(7 - 38 - (-45 + 65)) + (9 - -3) + -8
-47
Calculate -79 - -1 - (-73 + -33 - -82).
-54
Evaluate (32 + 6 - -11) + -55.
-6
(-217 - -72) + 37 + 16
-92
What is (2 - -53) + (113 - 126)?
42
-11 - -10 - 12 - (59 - (5 + -6) - 8)
-65
What is -16 - -7 - (1 + (-7 - 32) + -14)?
43
What is the value of (8 + -27 - ((-18 - 11) + 2)) + 1?
9
What is (-71 - 22) + 58 + 78?
43
Calculate -8 + (1 - -1 - ((-93 - -81) + 53 + -1)).
-46
(-57 - -3) + -1159 + 1175 - (-1 - 21)
-16
What is the value of 61 + -47 + -101 - -108?
21
Evaluate 30 + 0 - (-5172 - -5134).
68
(-17 - 1) + -28 + 28 + (27 - 26)
-17
What is -173 - -101 - -135 - 85?
-22
(31 - -1) + (-74 - (31 - 90))
17
(31 - (-108 + 176)) + 0 + -9
-46
-12 + (86 + -7 - 51)
16
Calculate -52 - (30 - 38 - 65).
21
What is 12 - (-1 + -1 - (-29 + -18 + 38))?
5
175 - 188 - (9 - (-9 + 9))
-22
Calculat